 digit of 7?
7
What is the thousands digit of 85165?
5
What is the tens digit of 57?
5
What is the hundreds digit of 26404?
4
What is the thousands digit of 2494?
2
What is the units digit of 1437?
7
What is the tens digit of 19157?
5
What is the ten thousands digit of 13861?
1
What is the hundreds digit of 937?
9
What is the tens digit of 7688?
8
What is the units digit of 659?
9
What is the tens digit of 645?
4
What is the hundreds digit of 452?
4
What is the hundreds digit of 4164?
1
What is the hundreds digit of 3303?
3
What is the tens digit of 14493?
9
What is the tens digit of 7817?
1
What is the tens digit of 2052?
5
What is the tens digit of 459?
5
What is the thousands digit of 6980?
6
What is the hundreds digit of 249?
2
What is the hundreds digit of 61506?
5
What is the tens digit of 6984?
8
What is the hundreds digit of 1333?
3
What is the tens digit of 40037?
3
What is the tens digit of 57720?
2
What is the hundreds digit of 1151?
1
What is the units digit of 4935?
5
What is the tens digit of 11001?
0
What is the tens digit of 30792?
9
What is the units digit of 8082?
2
What is the thousands digit of 4439?
4
What is the ten thousands digit of 93390?
9
What is the thousands digit of 6031?
6
What is the tens digit of 58449?
4
What is the hundreds digit of 1135?
1
What is the thousands digit of 12455?
2
What is the tens digit of 22291?
9
What is the hundreds digit of 85546?
5
What is the tens digit of 1508?
0
What is the tens digit of 3441?
4
What is the thousands digit of 1005?
1
What is the ten thousands digit of 20754?
2
What is the units digit of 6780?
0
What is the hundred thousands digit of 142249?
1
What is the tens digit of 4457?
5
What is the thousands digit of 3984?
3
What is the hundreds digit of 2698?
6
What is the tens digit of 1158?
5
What is the thousands digit of 1928?
1
What is the units digit of 38845?
5
What is the units digit of 7649?
9
What is the units digit of 2247?
7
What is the units digit of 26083?
3
What is the units digit of 3128?
8
What is the hundreds digit of 19030?
0
What is the units digit of 3201?
1
What is the units digit of 180?
0
What is the tens digit of 3905?
0
What is the hundreds digit of 9032?
0
What is the thousands digit of 4329?
4
What is the units digit of 12627?
7
What is the thousands digit of 83498?
3
What is the units digit of 127?
7
What is the thousands digit of 1732?
1
What is the tens digit of 653?
5
What is the ten thousands digit of 60766?
6
What is the thousands digit of 1765?
1
What is the units digit of 2477?
7
What is the tens digit of 2096?
9
What is the hundreds digit of 116923?
9
What is the tens digit of 308?
0
What is the ten thousands digit of 17603?
1
What is the units digit of 9870?
0
What is the hundreds digit of 1438?
4
What is the tens digit of 10490?
9
What is the thousands digit of 2994?
2
What is the thousands digit of 3266?
3
What is the tens digit of 22072?
7
What is the tens digit of 208?
0
What is the tens digit of 61744?
4
What is the units digit of 1687?
7
What is the hundreds digit of 27785?
7
What is the thousands digit of 36951?
6
What is the units digit of 22786?
6
What is the thousands digit of 107915?
7
What is the hundreds digit of 208?
2
What is the tens digit of 23506?
0
What is the units digit of 1452?
2
What is the tens digit of 8518?
1
What is the hundreds digit of 15375?
3
What is the tens digit of 424?
2
What is the hundreds digit of 772?
7
What is the thousands digit of 10421?
0
What is the tens digit of 96879?
7
What is the tens digit of 32737?
3
What is the tens digit of 52?
5
What is the hundreds digit of 1180?
1
What is the ten thousands digit of 37866?
3
What is the hundreds digit of 188?
1
What is the hundreds digit of 270?
2
What is the hundreds digit of 669?
6
What is the hundreds digit of 36114?
1
What is the units digit of 54526?
6
What is the units digit of 3441?
1
What is the units digit of 57246?
6
What is the tens digit of 1438?
3
What is the tens digit of 5048?
4
What is the units digit of 74524?
4
What is the hundreds digit of 22185?
1
What is the tens digit of 7472?
7
What is the units digit of 1411?
1
What is the thousands digit of 43087?
3
What is the ten thousands digit of 106828?
0
What is the tens digit of 834?
3
What is the units digit of 1327?
7
What is the hundreds digit of 75763?
7
What is the hundreds digit of 988?
9
What is the thousands digit of 111948?
1
What is the thousands digit of 78111?
8
What is the hundreds digit of 5046?
0
What is the hundreds digit of 94785?
7
What is the units digit of 1335?
5
What is the tens digit of 18550?
5
What is the hundreds digit of 202?
2
What is the tens digit of 3441?
4
What is the thousands digit of 57845?
7
What is the tens digit of 3238?
3
What is the thousands digit of 4735?
4
What is the thousands digit of 2594?
2
What is the hundreds digit of 5302?
3
What is the hundreds digit of 1436?
4
What is the tens digit of 942?
4
What is the units digit of 73244?
4
What is the thousands digit of 5931?
5
What is the tens digit of 36?
3
What is the ten thousands digit of 35320?
3
What is the units digit of 17150?
0
What is the ten thousands digit of 31918?
3
What is the units digit of 5986?
6
What is the units digit of 287?
7
What is the hundreds digit of 55355?
3
What is the hundreds digit of 2274?
2
What is the tens digit of 150930?
3
What is the hundreds digit of 16128?
1
What is the hundreds digit of 2067?
0
What is the hundreds digit of 18710?
7
What is the thousands digit of 5128?
5
What is the tens digit of 6386?
8
What is the units digit of 56?
6
What is the units digit of 1443?
3
What is the thousands digit of 19002?
9
What is the thousands digit of 80152?
0
What is the tens digit of 6566?
6
What is the units digit of 7448?
8
What is the hundreds digit of 1003?
0
What is the hundreds digit of 7198?
1
What is the thousands digit of 29518?
9
What is the thousands digit of 2152?
2
What is the hundreds digit of 383?
3
What is the hundreds digit of 10891?
8
What is the hundreds digit of 483?
4
What is the ten thousands digit of 28690?
2
What is the ten thousands digit of 20292?
2
What is the units digit of 15723?
3
What is the hundreds digit of 10128?
1
What is the thousands digit of 22045?
2
What is the hundreds digit of 6732?
7
What is the tens digit of 93372?
7
What is the units digit of 5038?
8
What is the tens digit of 11401?
0
What is the thousands digit of 73698?
3
What is the ten thousands digit of 69143?
6
What is the hundreds digit of 112410?
4
What is the tens digit of 3074?
7
What is the tens digit of 5655?
5
What is the tens digit of 3531?
3
What is the hundreds digit of 16323?
3
What is the hundreds digit of 3313?
3
What is the units digit of 5203?
3
What is the tens digit of 3587?
8
What is the tens digit of 9051?
5
What is the hundreds digit of 11128?
1
What is the units digit of 18784?
4
What is the hundreds digit of 475?
4
What is the hundreds digit of 830?
8
What is the thousands digit of 4716?
4
What is the thousands digit of 5815?
5
What is the tens digit of 9427?
2
What is the tens digit of 1572?
7
What is the thousands digit of 3038?
3
What is the units digit of 28435?
5
What is the hundreds digit of 1369?
3
What is the hundreds digit of 454?
4
What is the units digit of 4645?
5
What is the units digit of 473?
3
What is the units digit of 602?
2
What is the hundreds digit of 35275?
2
What is the units digit of 1582?
2
What is the thousands digit of 2084?
2
What is the tens digit of 120995?
9
What is the hundreds digit of 2039?
0
What is the ten thousands digit of 47488?
4
What is the tens digit of 4295?
9
What is the hundreds digit of 8036?
0
What is the units digit of 84045?
5
What is the units digit of 15?
5
What is the thousands digit of 18600?
8
What is the thousands digit of 5622?
5
What is the units digit of 14889?
9
What is the ten thousands digit of 38991?
3
What is the units digit of 981?
1
What is the tens digit of 3074?
7
What is the units digit of 10643?
3
What is the ten thousands digit of 14000?
1
What is the tens digit of 591?
9
What is the tens digit of 601?
0
What is the units digit of 2070?
0
What is the ten thousands digit of 41805?
4
What is the units digit of 58?
8
What is the hundred thousands digit of 130693?
1
What is the h